{"id":7,"date":"2023-01-29T22:17:00","date_gmt":"2023-01-29T21:17:00","guid":{"rendered":"http:\/\/www.prosperia.hr\/?page_id=7"},"modified":"2025-06-06T17:25:30","modified_gmt":"2025-06-06T16:25:30","slug":"prosperia","status":"publish","type":"page","link":"https:\/\/www.prosperia.hr\/","title":{"rendered":"Naslovnica"},"content":{"rendered":"\n<figure class=\"wp-block-video\"><video autoplay controls loop muted poster=\"http:\/\/www.prosperia.hr\/wp-content\/uploads\/2016\/02\/slider1.jpg\" src=\"https:\/\/www.prosperia.hr\/wp-content\/uploads\/2024\/04\/Slider-prosperia.mp4\" playsinline><\/video><\/figure>\n\n\n<ul>\n<li style=\"list-style-type: none;\">\n<ul><!-- SLIDE  --><\/ul>\n<\/li>\n<\/ul>\n<ul>\n<li style=\"list-style-type: none;\">\u00a0<\/li>\n<\/ul>\n<p style=\"text-align: center;\"><img decoding=\"async\" loading=\"lazy\" class=\"aligncenter size-full wp-image-114\" src=\"http:\/\/www.prosperia.hr\/wp-content\/uploads\/2016\/02\/logo-zlatno-56-56.png\" alt=\"logo-zlatno-56-56\" width=\"56\" height=\"56\" \/><\/p>\n<h2 style=\"text-align: center;\"><span style=\"color: #e8cd60;\">Premalo vremena, a previ\u0161e zadataka. Anga\u017eirajte profesionalnu pomo\u0107.\u00a0<\/span><\/h2>\n<p class=\"p1\" style=\"text-align: center;\"><span class=\"s1\"><b>Potrebna Vam je hitna profesionalna pomo\u0107, \u017eelite pobolj\u0161ati prodaju, pove\u0107ati efikasnost, osigurati bespovratna sredstva, optimizirati poslovanje, pripremiti prezentaciju ili cijeli doga\u0111aj za kupce i partnere?<\/b><\/span><\/p>\n<p class=\"p1\" style=\"text-align: center;\"><span class=\"s1\">Danas, kad se poslovni svijet kre\u0107e sve br\u017ee, zahtijeva sve ve\u0107u profesionalnost i znanja uz sve manje vremena za pojedini zadatak. S druge strane, poduze\u0107a nemaju dovoljna sredstva za profesionalni razvoj i zapo\u0161ljavanje novih kadrova ili samo povremeno imaju potrebu za odre\u0111enim kadrom.\u00a0Sama po sebi, name\u0107e se potreba za anga\u017eiranjem povremenih profesionalnih usluga kako bi se adekvatno ispunile potrebe poslovanja.<\/span><\/p>\n<p style=\"vertical-align: middle;\"><img decoding=\"async\" loading=\"lazy\" class=\"aligncenter wp-image-333 size-full\" src=\"http:\/\/www.prosperia.hr\/wp-content\/uploads\/2016\/02\/prosperia-usluge-grupa-4.png\" alt=\"\" width=\"495\" height=\"419\" srcset=\"https:\/\/www.prosperia.hr\/wp-content\/uploads\/2016\/02\/prosperia-usluge-grupa-4.png 495w, https:\/\/www.prosperia.hr\/wp-content\/uploads\/2016\/02\/prosperia-usluge-grupa-4-300x254.png 300w\" sizes=\"(max-width: 495px) 100vw, 495px\" \/><\/p>\n<p style=\"text-align: center;\"><strong>Prosperirati\u00a0<\/strong>(lat. prosperare) uspijevati,napredovati, i\u0107i od ruke, polaziti za rukom; imati sre\u0107e, dospijevati u ponajbolje prilike, povoljno se razviti\/razvijati<br \/><strong>Prosperitet\u00a0<\/strong>(lat. prosperitas)uspijevanje,pola\u017eenje za rukom, blagostanje, uspjeh, sre\u0107a (u poslovima)<\/p>\n<h5>Poslovno savjetovanje\u00a0 *\u00a0\u00a0Optimizacija poslovanja\u00a0 *\u00a0\u00a0Edukacije i radionice\u00a0 *\u00a0\u00a0Odr\u017eivi razvoj\u00a0 *\u00a0\u00a0Kreativno pisanje<\/h5>\n<h5>Ostale usluge<\/h5>\n<h5><a href=\"http:\/\/www.prosperia.hr\/index.php\/proba\/\"> Po\u0161aljite nam upit <\/a><\/h5>\n<h2><span style=\"color: #e8cd60;\">PRIMJERI SURADNJE<br \/>Kako mo\u017eemo pomo\u0107i? Evo nekoliko situacija:<\/span><\/h2>\n<p class=\"s1\"><strong>\u017delite predstaviti novi proizvod ili uslugu ili potaknuti prodaju nekog ve\u0107 postoje\u0107eg proizvoda ili usluge?<\/strong><br \/><strong><span style=\"color: #e8cd60;\">Prosperirajte!<\/span><br \/><\/strong>Javite o kojem se proizvodu\/usluzi radi, koji je cilj proizvoda\/usluge i koliki bud\u017eet posjedujete.<br \/>Prema navedenom, dobit \u0107ete osnovne smjernice i upute uz kompletnu razradu te mo\u017eete krenuti s implementacijom ili mo\u017eemo dogovoriti uslugu klju\u010d u ruke. U tom slu\u010daju, prema dogovorenoj dinamici smo dobivate izvje\u0161taje o tijeku implementacije i realizacije.<\/p>\n<hr align=\"left\" width=\"20%\" \/>\n<p class=\"s1\"><strong>Imate uhodan posao i dobru ekipu, ali ste primijetili da se posao po\u010deo odra\u0111ivati rutinski?<\/strong><br \/><strong><span style=\"color: #e8cd60;\">Prosperirajte!<\/span><br \/><\/strong>Potreban vam je &#8220;pogled iz vana&#8221; kako biste se opremili svje\u017eim idejama i pristupom te na taj na\u010din postavili poslovanje na vi\u0161u razinu.<\/p>\n<hr align=\"left\" width=\"20%\" \/>\n<p class=\"s1\"><strong>Imate ljude koji imaju praznog hoda, ali ne znate koje bi im poslove dodatno dodijelili?<\/strong><br \/><strong><span style=\"color: #e8cd60;\">Prosperirajte!<\/span><br \/><\/strong>Nakon analize potrebnih radnji i raspolo\u017eivog osoblja, dobivate prijedloge nove organizacije i u\u010dinkovitijeg poslovanja.<\/p>\n<hr align=\"left\" width=\"20%\" \/>\n<p class=\"s1\"><strong>\u017delite optimizirati uredsko ili skladi\u0161no poslovanje?<\/strong><br \/><strong><span style=\"color: #e8cd60;\">Prosperirajte!<\/span><br \/><\/strong>Vi recite svoje \u017eelje. Nakon napravljenog inicijalnog promatranja, dobivate osnovne prijedloge uz kalkulaciju i rokove realizacije. Nakon prihva\u0107enog paketa, dobivate kompletnu razradu i mo\u017eete krenuti s primjenom ili mo\u017eemo dogovoriti uslugu klju\u010d u ruke. U tom slu\u010daju, kompletnu reorganizaciju prebacujete na Prosperiu.<\/p>\n<hr align=\"left\" width=\"20%\" \/>\n<p class=\"p1\"><strong><span class=\"s1\">\u017delite postaviti osnovne obrasce poslovne komunikacije uz potrebnu dokumentaciju i prepoznatljivi izgled?<\/span><\/strong><br \/><strong><span style=\"color: #e8cd60;\">Prosperirajte!<\/span><br \/><\/strong>Po\u0161aljite nam popis potrebne dokumentacije ili samo neke Va\u0161e osnovne \u017eelje ili naj\u010de\u0161\u0107e na\u010dine komuniciranja na temelju \u010dega \u0107ete dobiti kalkulaciju i popis materijala koji \u0107e biti obra\u0111eni i pripremljeni.<\/p>\n<hr align=\"left\" width=\"20%\" \/>\n<h5 style=\"text-align: center;\">\u00a0<\/h5>\n\n\n<p><\/p>\n","protected":false},"excerpt":{"rendered":"<p>\u00a0 Premalo vremena, a previ\u0161e zadataka. Anga\u017eirajte profesionalnu pomo\u0107.\u00a0 Potrebna Vam je hitna profesionalna pomo\u0107, \u017eelite pobolj\u0161ati prodaju, pove\u0107ati efikasnost, osigurati bespovratna sredstva, optimizirati poslovanje, pripremiti prezentaciju ili cijeli doga\u0111aj za kupce i partnere? Danas, kad se poslovni svijet kre\u0107e sve br\u017ee, zahtijeva sve ve\u0107u profesionalnost i znanja uz sve manje vremena za pojedini zadatak. &hellip; <a href=\"https:\/\/www.prosperia.hr\/\" title=\"Naslovnica\" class=\"read-more\">Read More<\/a><\/p>\n","protected":false},"author":2,"featured_media":0,"parent":0,"menu_order":1,"comment_status":"closed","ping_status":"closed","template":"","meta":[],"_links":{"self":[{"href":"https:\/\/www.prosperia.hr\/index.php\/wp-json\/wp\/v2\/pages\/7"}],"collection":[{"href":"https:\/\/www.prosperia.hr\/index.php\/wp-json\/wp\/v2\/pages"}],"about":[{"href":"https:\/\/www.prosperia.hr\/index.php\/wp-json\/wp\/v2\/types\/page"}],"author":[{"embeddable":true,"href":"https:\/\/www.prosperia.hr\/index.php\/wp-json\/wp\/v2\/users\/2"}],"replies":[{"embeddable":true,"href":"https:\/\/www.prosperia.hr\/index.php\/wp-json\/wp\/v2\/comments?post=7"}],"version-history":[{"count":11,"href":"https:\/\/www.prosperia.hr\/index.php\/wp-json\/wp\/v2\/pages\/7\/revisions"}],"predecessor-version":[{"id":443,"href":"https:\/\/www.prosperia.hr\/index.php\/wp-json\/wp\/v2\/pages\/7\/revisions\/443"}],"wp:attachment":[{"href":"https:\/\/www.prosperia.hr\/index.php\/wp-json\/wp\/v2\/media?parent=7"}],"curies":[{"name":"wp","href":"https:\/\/api.w.org\/{rel}","templated":true}]}}